2 = 3*o - 7*f, -4*o - 5*f + 500 = 0. Suppose -5*r = -25, r + 3*r = 5*g - o. List the prime factors of g.
2, 7
Suppose -11*x = -8*x - 6. Let j(n) = -n**3 + 4*n - 7*n**2 + 7*n**x + 10*n**2 - 10 + 2*n**3. List the prime factors of j(-9).
5, 7
Let m be 11/3 - (6 - (-133)/(-21)). Suppose -711 = -5*p - m*t, -2*t + 282 = 2*p - t. List the prime factors of p.
139
Let j(z) = 7*z**2 + 21*z + 126. What are the prime factors of j(-15)?
2, 3, 7, 11
Let v = 346 + -159. Suppose 5*h - 4*d - 738 = -228, 5*d + v = 2*h. List the prime factors of h.
2, 53
Suppose 0*a = -4*a + 12. Suppose -2*x + 5*o - a*o = 2, 5*x + 9 = o. What are the prime factors of x*2/(-1) - 2?
2
Let h be 51/(-15) + 3 - 828/30. Let t = h + 159. What are the prime factors of t?
131
Suppose -3*s = 2*v + 56, 0*s + 2*v = -2*s - 34. List the prime factors of s/(-99) + 376/9.
2, 3, 7
Let v(w) = 65*w**2 + 2*w + 1. Let b be v(-1). Suppose 0 = 3*a + b - 256. List the prime factors of a.
2
Suppose -3*m = -2*g - 1025, -3*m + 1429 = -4*g + 408. List the prime factors of m.
7
Let p be (2/(-5) - (-6)/(-10)) + 56. Suppose -2*y = 5 - p. List the prime factors of y.
5
List the prime factors of 3111/6 + (-53)/(-106).
3, 173
Let l = -6 + 10. Suppose 0 = 4*o - l*k - 28, -4*o + 3*k + 15 = -3*o. Let z(c) = c**3 - 3*c**2 + 4*c. List the prime factors of z(o).
2, 3
Suppose -2128*t + 2127*t = -1113. What are the prime factors of t?
3, 7, 53
Suppose -5*c - 15 = 0, 0 = -4*q + 8*q - 5*c - 23. Suppose -24 - 164 = -q*l. List the prime factors of l.
2, 47
Suppose 15 = 3*b, -b = 5*w - 2*b + 145. Let z = 42 + w. List the prime factors of z.
2, 7
Let y(f) = -f**3 + 7*f**2 - 7. Suppose -5*r = -2*r - 45. Suppose 0 = -2*j + c + 15, -3*c = -2*j - 8*c - r. List the prime factors of y(j).
43
Suppose 5*q + 20*u = 18*u + 15348, u = 2*q - 6141. What are the prime factors of q?
2, 5, 307
Let d be (5 - 3)*(-3)/(-2). Suppose d*u = 6 + 186. What are the prime factors of u?
2
Let c = -71 + 43. Let t = c - -53. Let j = 12 + t. What are the prime factors of j?
37
Let k = -24 + 26. Suppose -x = -2*g + 71, k*x - 49 = -g - 2*x. List the prime factors of g.
37
Let z = 3847 - 1838. List the prime factors of z.
7, 41
Let n(t) = t**3 + 4*t**2 + 2*t - 5. List the prime factors of n(6).
367
Let d = 4913 - 3508. List the prime factors of d.
5, 281
Suppose 4*l = -4*j + 540, -8*j - 4*l + 670 = -3*j. Suppose j = r - 23. List the prime factors of r.
3, 17
Suppose 0 = -101*k + 195391 + 74380. What are the prime factors of k?
2671
Let j = 495 + -339. What are the prime factors of j?
2, 3, 13
Suppose 0*u + 2*y = u - 10, 2*u + y = 15. Suppose 7*j = u*j - 101. List the prime factors of j.
101
Suppose -2*v = -5*q - 29, q - 6*q - 35 = -5*v. Suppose -3*o + 240 = -4*p - 257, -v*p = 5*o - 785. List the prime factors of o.
3, 53
Let q(x) = -2 - 20*x**2 - 5*x + 16*x**2 - 2 + 3 + x**3. Let p be q(5). What are the prime factors of p/(-8) - 430/(-16)?
3
What are the prime factors of -14*(1 + (-44)/1)?
2, 7, 43
Suppose 356 = 2*t + 2*t - b, 4*b - 376 = -4*t. Suppose 0 = 15*a - 10*a - t. List the prime factors of a.
2, 3
Suppose -4*r + 7*r + 45 = 0. Let i = r + 18. What are the prime factors of (i/4)/(18/1800)?
3, 5
Let c = -8 + -6. Let h = c - -35. List the prime factors of h.
3, 7
Suppose 7 = w + 2. Let f = 81 - w. Suppose -3*g = g - f. List the prime factors of g.
19
Let d = -62 + 29. Let k = 47 + d. What are the prime factors of 1 + (k/2 - -1)?
3
List the prime factors of 2645 - (15 + -11 - 14).
3, 5, 59
Let y(f) = -37*f + 26. Let u be y(-12). Suppose -k - 2*k + u = -2*m, 3*m = -5*k + 777. What are the prime factors of k?
2, 3, 13
Let z(q) = 12*q - 31. Let w be z(3). Suppose 0 = r - 3*f - 108, -506 = -4*r + w*f - 53. List the prime factors of r.
3, 13
Let i(u) = 4*u**2 - u. Let q be i(1). List the prime factors of 2/(q - 5)*-37.
37
Let k = -91 + 238. List the prime factors of k.
3, 7
Suppose 14*o = 8175 + 3627. List the prime factors of o.
3, 281
Let l = 1096 - -45. List the prime factors of l.
7, 163
Let q(i) = 58*i - 18. Let f(p) = -2*p - 1. Let j(t) = -f(t) - q(t). List the prime factors of j(-5).
13, 23
Let k(n) = 104*n**3 + 3*n**2 - 3*n. List the prime factors of k(2).
2, 419
What are the prime factors of 1/5*-4 - 8996/(-20)?
449
Let j be (-2)/((-5)/((-180)/(-8))). Suppose j*t - 4*t = 465. What are the prime factors of t?
3, 31
Let z = 638 + -383. What are the prime factors of z?
3, 5, 17
Suppose -4*q = -3*q + 846. Let z = -456 - q. List the prime factors of (-6)/(-15) - z/(-25).
2
Let n(v) = v - 5. Let r(g) = -3*g + 9. Let x(j) = 11*n(j) + 6*r(j). Let b(y) = y**2 + 5*y - 2. Let k be b(-5). List the prime factors of x(k).
13
Let a(n) = -3*n**2 - 71*n + 40. What are the prime factors of a(-14)?
2, 223
Suppose -3*x - 2*x + 20 = 0. Let l(h) = -10 - x - 1 + 2 + 6*h. What are the prime factors of l(12)?
59
What are the prime factors of 15/(-30) - 547/(-2)?
3, 7, 13
Suppose 2*f - 410 + 80 = 0. Let l = 242 - f. List the prime factors of l.
7, 11
Suppose 3*s = -s + 1372. Let m = 501 - s. Suppose 4*u = -9 + 29, 2*u = -4*a + m. What are the prime factors of a?
37
Let r = -14 + 26. Let s(w) = -w**3 + 13*w**2 - 7*w - 12. What are the prime factors of s(r)?
2, 3
Let l(j) = -247*j + 303. What are the prime factors of l(-17)?
2, 2251
Suppose 5*p = 18 + 27. Let m = p - 4. Suppose 4*i = -3*o + 13, 5*i + m*o = 24 - 9. List the prime factors of i.
2
Suppose 0 = -b - 22 + 29. List the prime factors of -6*(-4 - b/1).
2, 3, 11
Suppose -30 = -b - b. Suppose -4*u - 5*t = -b - 108, -3*u + 78 = -t. List the prime factors of u.
3
Let r(d) = -d**3 + 9*d**2 + 2. Let g be r(9). Suppose 0 = -f + 6*f + 5*o - 190, 5*f - g*o - 162 = 0. List the prime factors of 33/(-22)*(0 - f).
3, 17
Let s(a) = -29*a**3 + 10*a**2 + 14*a - 8. List the prime factors of s(-3).
823
Let t(x) = 64*x**2 + 10*x + 4. What are the prime factors of t(-4)?
2, 13, 19
Let u = 4 + -2. Suppose -n = p - 5*n - 10, -2*n = u*p - 10. Suppose 3*x - p*x = -96. What are the prime factors of x?
2
Let b = 1 - -1. Suppose -5*a = -2*c + 148, -4*c + 0*a + 320 = b*a. What are the prime factors of c?
79
List the prime factors of -8 + 2 - (3038 + -2)/(-4).
3, 251
Suppose -4*x + 7*x - 3239 = k, 0 = 5*x - 2*k - 5397. List the prime factors of x.
23, 47
Suppose -5*n + 3 = -2. Suppose n = -f + 4. Let t(h) = -h**3 + 7*h**2 - h + 3. List the prime factors of t(f).
2, 3
Suppose -3*m - 12 = -2*z, z = 6*z - 3*m - 12. List the prime factors of 31 - ((z - -5) + -2).
2, 7
Suppose -r + 2*i + 196 = 0, 12*r - 13*r + 4*i + 200 = 0. What are the prime factors of r?
2, 3
Suppose 69*s = 65*s + 1048. What are the prime factors of s?
2, 131
Suppose 15 = 7*p - 6. Suppose -5*t = p*x - 479, 3*x + 0*x = 2*t + 493. List the prime factors of x.
163
Let w(u) = -2*u + 4. Suppose 3*q - 6 + 21 = l, -l + 3 = 3*q. Suppose s = -3*v - 1, -3*v + 4*s - 35 = -l. What are the prime factors of w(v)?
2
Let k(j) = -j**3 - 19*j**2 - 26*j - 11. What are the prime factors of k(-20)?
3, 101
Let c(t) = t**3 + 8*t**2 - 2. Let s be c(-8). Let l be (-249)/(-5) + s/(-10). Let g = 70 - l. List the prime factors of g.
2, 5
Let l(m) = 90*m**2 - 51*m - 275. List the prime factors of l(-8).
71, 83
Let v(c) = 73*c**2 + 35*c - 141. What are the prime factors of v(6)?
3, 29, 31
Let c(a) = -358*a - 72. What are the prime factors of c(-6)?
2, 3, 173
Let v(b) = 11*b - 6. Let k be v(10). Let s = 53 - k. List the prime factors of 4 - (-2 - -4) - s.
53
Suppose 0 = 8*t - 12*t + 8, -4*p - 5*t + 1690 = 0. List the prime factors of p.
2, 3, 5, 7
Let i = -1513 + 2671. What are the prime factors of i?
2, 3, 193
Let l(d) = -145*d**2 + 140*d**2 - 2*d**3 + 9*d - 2 + d**3. Let b = -18 + 11. What are the prime factors of l(b)?
3, 11
Let x(d) = -d**3 + 7*d**2 + 4*d - 4. Suppose -5*n - 40 = -0*n. Let a = n - -15. What are the prime factors of x(a)?
2, 3
Let z(s) = -48*s + 258. List the prime factors of z(4).
2, 3, 11
List the prime factors of 1698/15 - 96/(-120).
2, 3, 19
Let u(i) = -21*i + 27. Let j be u(-8). Suppose 4*y - 225 = j. List the prime factors of y.
3, 5, 7
Suppose -3*u = 1214 - 4553. List the prime factors of u.
3, 7, 53
Let o = 406 + -118. What are the prime factors of o?
2, 3
Let t = 53 + -49. Let o(f) = 2*f**3 - 4*f**2 - f + 7. What are the prime factors of o(t)?
67
Let t(b) be the third derivative o